 67).
-22
What is 38 - -19 - 49 - 35?
-27
278 + -308 + (-9 - -9)
-30
-35 + -26 + 47 + (2 - -36)
24
Evaluate -1 + 5 + (-24 + -22 + 37 - (32 + 2)).
-39
What is -76 + 1 + (190 - (30 + 196))?
-111
Evaluate (-9 - 0) + (94 - (32 - (31 + 7))).
91
Calculate -72 + (2 + 10 - (46 - 54)).
-52
Evaluate (-112 - -87) + 21 - (0 - -3).
-7
Calculate 3 - (-17 + 35) - -22 - -60.
67
What is the value of -21 + (56 - (88 + -36) - (77 - -2))?
-96
What is the value of 27 - (45 - (57 - 40))?
-1
Calculate 83 + 49 + 9 + -108.
33
What is the value of (29 - -36 - 40) + 1 + 10 + 3?
39
What is the value of -145 + 49 + 67 + 23?
-6
-10 - (-24 + -37 + 51)
0
Evaluate (-1 - (50 - 36)) + -14 - 0.
-29
Calculate (-1 + -12 - (54 + -65)) + 11 + -20.
-11
Calculate (-5 - (3 - 3)) + -2 + (-7 - 0).
-14
Calculate (159 - 132) + 21 + -10 + (1 - 4).
35
What is -46 - (-42 + -22 - -69)?
-51
What is the value of 26 - (28 - -2 - (-701 + 712))?
7
Calculate (3 - -4) + 8 + (8 - -29) + -71.
-19
What is the value of 4 + 0 - ((11 - (3 + 3)) + 17 - -14)?
-32
-13 + (20 - ((-156 - -71) + (0 - 2)))
94
Calculate -14 - (-35 - -110 - 75).
-14
Calculate 782 + -824 + -3 + 1 + 29.
-15
3 + 4 + (5 - 30 - -12) - (-6 + -40)
40
What is the value of 7 + -4 + 2 + 1 + 13 + (-22 - 2)?
-5
Evaluate -75 - -74 - ((1 - 1 - 0) + (60 - 71)).
10
What is 528 - 495 - ((7 - (6 - 3)) + -9 + -1)?
39
What is the value of 96 - (-32 + -63 + 130)?
61
Calculate -62 - (-1 - 4 - (-4 - -1)) - (61 - 54).
-67
3 + (4 - (-1 + 2)) + -2 - (-633 + 648)
-11
Evaluate (5 + -12 - -2) + (43 - (26 - 21)).
33
Evaluate -7 - (0 - (2 + -10) - 27).
12
What is the value of -1 + -1 + -4 + (9 - 37)?
-34
Calculate 5 - 5 - ((-1 - -4) + (-773 - -770)).
0
What is (-4 - -2) + (-22 - (-13 + 31))?
-42
82 - (-6 - (11 - 19 - (-13 + (17 - -1))))
75
112 + -107 + -26 + (1 - -20)
0
(-32 - 5) + (-3 - -11) + 19
-10
What is the value of (44 - (43 - 13)) + 28?
42
Evaluate 4 - (13 + 8 - -4) - (-7 + -2) - -10.
-2
Calculate (-26 - (5 + -3)) + 523 + -535.
-40
What is the value of 1 - (-48 + (-32 - -36))?
45
What is the value of (-9 - (0 + -4)) + 62 + -65 + 49?
41
Evaluate 1 + -51 + 45 + 4 + 1 - -50.
50
What is -58 - 6 - (1836 + -1924)?
24
What is (-302 - -205) + (102 - -1)?
6
Calculate -2 + -30 + 765 + -736.
-3
Evaluate -1 - 0 - (-158 + 130).
27
What is the value of (-13 - (12 - 36)) + -11 + (-13 - -9)?
-4
What is the value of (16 - 4 - 3) + (78 - 59) + 9 + -34?
3
-1 + 6 + 31 - (13 + -7 + 2 + 1)
27
Evaluate 6 + (15 - 48) + (-16 - -7) + 9 - -12.
-15
What is 0 - 35 - (5220 - 5279)?
24
Evaluate -567 + 525 + -112 + (13 - 10).
-151
-145 - (24 + 1 - (2501 - 2464))
-133
What is the value of 135 - (177 - -124) - (1 - 48)?
-119
Evaluate (1 - -51) + -2606 + 2594.
40
12 - ((-211 - -221) + (-1 - 5) - 44)
52
Calculate -10 - ((-16 - (-4 + 2)) + (82 - 109)).
31
Evaluate 85 - 83 - 79 - 51.
-128
What is -196 - -33 - -163 - (-12 + -1)?
13
7 + (14 - (-15 + 23)) + -26 + 1 + -12
-24
What is the value of -81 + 101 + (-3 - -11 - 2) + 2?
28
15 + (-32 - -23) + 2 + 4 + 95 + -2
105
Evaluate -13 - (1 - -9 - (2736 - 2718)).
-5
What is (9 - -18 - 28 - -33) + 21?
53
Calculate -185 - -187 - (1 + -2 + -4 + -8) - -14.
29
0 + 110 + -116 + (28 - 0 - -1)
23
Calculate (-1084 - -1118) + 1 + -20.
15
What is 1 - -17 - (-81 - -27 - -40) - 14?
18
Evaluate 1 + 27 + (-18 - 17) + -26.
-33
What is 18 + -6 + (-6 + 7 - 1)?
12
Evaluate -4 + (-3 - -1) - ((-46 - -49) + (-9 - -17)).
-17
Calculate (-2 + -5 - (0 - 2)) + 291 + (-58 - 212).
16
Evaluate 9 + 7 - (68 + (-16 - 23)).
-13
Calculate 103 + -124 + 35 - 46.
-32
(1 - -3) + -70 + 64 - (-41 + 53)
-14
What is (20 - 34) + (-96 - (8 - (-15 + 7 + 10)))?
-116
Evaluate -1 - 3 - (99 + (-123 - -51)).
-31
What is 15 - (-28 - -3 - -34) - (-10 + -1)?
17
What is -53 + (-58 - -96) - 17?
-32
What is the value of -11 + (-1 - 1) - (20 + 6 + -7)?
-32
What is the value of -57 + 91 - (-76 + 109)?
1
What is the value of 62 - 0 - (-8 - -65)?
5
What is the value of -231 - (-33 + -75) - -86?
-37
Calculate 31 + (20 - 39) + 5 + 2 + -1.
18
Calculate -13 + -44 - (9 + -111).
45
What is the value of ((19 - -14) + -20 - (-4 - -12)) + 49?
54
What is 4265 + -4277 - (3 - (0 + (80 - -2)))?
67
What is the value of (-95 - 1) + (22 - 13) + -2 + 7?
-82
Calculate 241 + -315 + -7 + 77.
-4
Evaluate (-114 + 93 - -12) + 25.
16
-17 - (58 - (71 + -26))
-30
Calculate (6 - 5 - (-2 - (0 - 2))) + 28.
29
What is 97 - 226 - -149 - (0 + 3)?
17
What is 3 + -12 + (26 - (32 + -26))?
11
(1 - 0) + 18 - (-1532 + 1545) - 0
6
-9 + (0 + 17 - 14 - -8)
2
Calculate -10 + -2 + (-68 - (-6 + 14 + -16)).
-72
Calculate 27 - (-16 - (1 + -21 - -7)).
30
(-5 - 8 - (7 + -15) - 15) + -5
-25
Calculate 17765 + -17753 - (-2 + 20).
-6
Calculate -13 + 20 + (-50 - (-10 - -10)).
-43
(-56 + 38 - 30) + 18 + -3
-33
-3 - 4 - (-4 + (28 - (-36 - -69)))
2
What is the value of 1 + 31 - (2529 - 2483)?
-14
What is the value of (26 - (9 - 2)) + -4 + -19?
-4
Evaluate (-56 + 67 - -20) + -2.
29
Calculate (3 - (0 - -1) - -3) + (-266 - -249) + -33.
-45
What is -89 + 60 + 39 + (-53 - 1 - (-3 + 1))?
-42
-9 - (13 + (-4 - 12) - (-1 + 7))
0
What is the value of 6 + (-54 + -8 - (-12 + -9))?
-35
Evaluate (22 + -58 - -30) + -1 + 1.
-6
Calculate 15 + -4 + (8 - (-42 - -27)).
34
What is 674 + -625 + 2 + 5?
56
What is -19 - (30 + 44) - -101?
8
Calculate 32 - 0 - (-105 - -19 - -75).
43
-43 - 41 - (6 + (-4 - (-7 + 12 + -1)))
-82
What is the value of (24 - (17 - 13)) + 18 + -6 + -120?
-88
What is 29 - (-18 + 49) - 34 - -35?
-1
What is the value of 11 - ((-10 - (3 + -23)) + -34)?
35
What is (-150 - (-333 - -143)) + -6?
34
What is the value of 0 - (-25 + -25 + 59) - (14 + (0 - -2))?
-25
11 + (461 - 349) + (1 - 9)
115
Evaluate -5765 - -5678 - (-3 + 0).
-84
Evaluate 1910 + -1875 - (38 + -1).
-2
What is the value of -9 + 16 + -15 + 8 - 12?
-12
30 + (10 - 16 - -20) + (-3 - -4 - -7)
52
What is -38 + (14 - -64 - 5) - -8?
43
Calculate 3 - -3 - ((-75 - -31) + 20).
30
-1 + -9 - (-49 - -24 - (-16 - -1))
0
-28 + 126 - (18 + (-9 - 2) + 14)
77
What is 12 + 0 - ((8 - -13) + 44 + -66)?
13
Evaluate -150136 - -150184 - (-1 + 2 - ((0 - -1) + 11)).
59
What is the value of 19 - (-142 + 194 - -31)?
-64
What is 125 + (20 - (180 + -53))?
18
What is (-6 - -8) + (0 - -22 - (-79 - -89))?
14
Evaluate 147 - (73 + 47) - (1 + 11 + 1 + -3).
17
Evaluate 79 - (((18 - 36) + 28 - 10) + 12).
67
Calculate 11 + 48 - (17 + 11 - -4).
27
Evaluate -18 - (-10 - -9 - 60 - (3 + -5)).
41
-6230 + 6179 + (-1 - -97)
45
What is -2 - (-47 - (4 + -4)) - (3 - (0 - -13))?
55
What is (15 - (0 + 0)) + (230 - 235) - 15?
-5
-3 - (-20 + (10 + 1 - (50 + -96 + 48)))
8
Calculate -48 + ((-12 - 0 - -9) + 0 - -12).
-39
What is the value of -70 + (-2 - 9) - (3 + -19 + 1)?
-66
(-12 - (-42 - -60)) + 41
11
What is -11 + 100 + 31 + -164?
-44
(21 - (12 + -7)) + (16 - 17) + (-146 - 1)
-132
Calculate -56 - (64 - (148 + -46)).
-18
What is -2 + -46 + (-817 - -769) + 0 + 9?
-87
What is the value of 8 + 6 + -7 - -37 - (0 + 2 - 13)?
55
(92 - 112) + (79 - 14)
45
Evaluate -4 + -14 - ((-34 + -20 - 21) + 25).
32
What is (-17700 - -17713) + 0 + -1 + -52?
-40
(-33 - (-20 + 27)) + (-10 - 2) - -10
-42
(-6 - -43) + (-16 - -57) + -44
34
Calculate 1 + -1 + (68 + -55 - (-2 + (11 - -4))).
0
-21 + 3 - (12 - 2 - (26 + -21))
-23
(12 - 0) + -1 - (-422 + -173 + 542)
64
27 - (-26 + 17 - -35) - (8 + -6)
-1
What is the value of (1435 - 1419) + 3 + 19?
38
Calculate (4 - -6) + -17 - -8 - (-12 - (-20 - -35)).
28
-2 - (0 + -3 - 3) - ((-207 - -120) + 86)
5
Evaluate (-7 - 12 - (13 + -19 - 2)) + 68.
57
What is -10 + -7 + 35 + -135 + 146?
29
What is 1 + -56 - (93 - 138)?
-10
What is the value of (-9 + 1 - (-100 + (-4 - -89))) + (-1 - 71)?
-65
11 - 20 - 6 - 16 - (-14 + -1)
-16
Calculate 5 - (5 + (-3 - 3) + 2) - (-89 + 103).
-10
What is -27 + 13 - (14 + -6 - (-5 - -3)) - 11?
-35
Evaluate 24 + 7 + -26 + (-3 - (4 + 1)) + 43.
40
What is the value of -38 - 5 - -45 - (-66 + -6 - -8)?
66
What is the value of 9 + -66 + 19 + (14 + -4 - 5)?
-33
What is the value of -31 - (-36 + -6 - 10)?
21
What is (-278 + 273 - (-5 + -1)) + (-6 - -7)?
2
Calculate 9815 + -9787 - (0 - -58).
-30
What is the value of 201 + -141 - (55 + -34)?
39
What is -3 - (-182 + 184 - (-1 + 5 + 61 + -8))?
52
What is 2 - (0 + -1) - (51 + -4 + -3 + 2)?
-43
21 + (-46 - -102 - 46)
31
What is (-2860 - -2906) + (0 - 85)?
-39
What is (-4 - -8) + 13